2 + 71*u - 76. Give i(71).
-76
Let g(b) = -6*b**2 - 777*b + 776. Give g(1).
-7
Let f(b) = -57*b**2 + 112*b + 9. What is f(2)?
5
Let r(s) = -s**3 - 12*s**2 + 7*s + 69. What is r(-12)?
-15
Let u(i) = 693*i - 2764. Determine u(4).
8
Let h(u) = u**3 + 6*u**2 + 32*u - 21. Determine h(-7).
-294
Let b(i) = -12*i**2 - 79*i - 1. What is b(-6)?
41
Let o(d) = 2*d**3 + 2*d**2 + 3*d - 4. What is o(-4)?
-112
Let n(j) = 10*j**2 + 18*j - 19. Determine n(-10).
801
Let z(o) = o**3 - 19*o**2 + 41*o - 81. Determine z(17).
38
Let n(h) = -1217*h + 49907. Calculate n(41).
10
Let b(f) = 127*f - 382. Calculate b(3).
-1
Let l(z) = 18*z**2 + 13*z + 7. Determine l(-2).
53
Let f(x) = 8*x - 235. What is f(30)?
5
Let o(h) = -h - 54. Determine o(-12).
-42
Let c(n) = 6*n**2 + 23*n - 152. What is c(6)?
202
Let b(c) = c**2 + 48*c + 227. What is b(-5)?
12
Let d(c) = -c**3 - 3*c**2 - 74*c - 224. Give d(-3).
-2
Let v(g) = 5*g + 44. Determine v(-8).
4
Let x(b) = -b**3 - 27*b**2 - 13*b - 85. Determine x(-27).
266
Let k(l) = l**3 + l**2 - 6*l - 12. What is k(-2)?
-4
Let h(y) = -2*y**3 - 2*y**2 + 9*y - 3. What is h(2)?
-9
Let p(u) = 4*u**3 + 28*u**2 - 4*u - 76. Determine p(-7).
-48
Let q(g) = 54*g + 1035. Calculate q(-19).
9
Let v(b) = -49*b - 2565. Give v(-54).
81
Let b(y) = 2808*y + 33637. What is b(-12)?
-59
Let t(d) = 174*d + 1382. Give t(-8).
-10
Let o(i) = -2*i**2 - 51*i - 228. Calculate o(-19).
19
Let t(f) = -f**3 + 26*f**2 - 113*f - 75. Calculate t(21).
-243
Let i(n) = 2*n**2 + 28*n + 4. Calculate i(-6).
-92
Let d(o) = 14*o**2 + 94*o + 41. Determine d(-8).
185
Let b(s) = s**2 + 12*s - 594. Give b(15).
-189
Let s(a) = 80*a**2 - 3*a - 1. Give s(1).
76
Let s(a) = a**3 + 50*a**2 - 155*a + 73. Calculate s(-53).
-139
Let j(z) = 5*z**3 - 91*z**2 + 19*z - 15. Give j(18).
3
Let z(k) = -12*k**2 + 17*k + 40. Calculate z(-2).
-42
Let d(w) = 19*w + 5. What is d(4)?
81
Let l(u) = 2*u**3 + 292*u**2 + 288*u - 291. Determine l(-145).
-1
Let c(d) = -d**3 + 26*d**2 - d + 53. Determine c(26).
27
Let u(q) = -q**3 - 17*q**2 + 113*q + 1705. Calculate u(-18).
-5
Let w(a) = a**3 + 14*a**2 + 7*a + 91. Give w(-13).
169
Let i(c) = -c**2 - 190*c - 371. Determine i(-2).
5
Let b(s) = -426*s + 6928. Calculate b(16).
112
Let l(v) = -18*v - 2019. Give l(-110).
-39
Let d(z) = -3*z**2 - 3*z + 35. Calculate d(4).
-25
Let v(b) = 19*b**2 + 1565*b + 584. Give v(-82).
10
Let j(o) = -o**2 - 266*o - 2311. What is j(-9)?
2
Let s(k) = 2*k**2 + 27*k - 58. Determine s(-14).
-44
Let a(h) = 14*h**2 - 193*h - 65. Give a(14).
-23
Let c(s) = -31*s**3 - 9*s**2 + 4*s + 7. Determine c(2).
-269
Let j(q) = q**3 - 3*q**2 - 4*q + 8. Determine j(4).
8
Let d(u) = u**2 + 79*u - 6094. Determine d(48).
2
Let v(i) = i**3 + 15*i**2 - 22*i - 111. Determine v(-10).
609
Let k(u) = -102*u**2 - 209*u - 6. Calculate k(-2).
4
Let o(i) = 11*i - 5. Give o(3).
28
Let w(n) = -3*n**2 + 21*n - 77. What is w(8)?
-101
Let l(x) = 20*x**2 - 40*x + 9. What is l(4)?
169
Let h(q) = -q**3 - 6*q**2 - 19*q - 183. Calculate h(-6).
-69
Let n(m) = 108*m - 190. Determine n(10).
890
Let t(c) = 5*c**2 + 10*c + 7. What is t(-12)?
607
Let k(o) = -o**3 - 5*o**2 + 22*o + 130. Give k(-5).
20
Let v(h) = -5*h**2 + 81*h - 288. Calculate v(15).
-198
Let w(c) = c**3 + 47*c**2 + 7*c - 76. What is w(-47)?
-405
Let h(z) = 2*z + 22. Give h(11).
44
Let d(z) = 669*z - 6009. What is d(9)?
12
Let l(x) = 5*x**3 + 216*x**2 - 174*x + 89. What is l(-44)?
1
Let u(l) = -l**3 - 2*l**2 - 91*l - 621. What is u(-6)?
69
Let l(p) = 3*p**3 - 114*p**2 - 2*p + 110. Calculate l(38).
34
Let v(n) = 238*n - 25922. Determine v(109).
20
Let m(w) = -38*w + 198. Give m(6).
-30
Let v(n) = -11*n + 349. Determine v(33).
-14
Let j(v) = v**2 + 91*v + 713. Give j(-82).
-25
Let d(n) = 7*n**2 + 74*n + 197. Determine d(-6).
5
Let y(o) = 4*o**2 - 6*o - 69. Calculate y(-4).
19
Let x(h) = -972*h + 2912. Give x(3).
-4
Let j(i) = 12*i + 89. What is j(-7)?
5
Let c(d) = d**3 - 5*d**2 - 50*d - 6. Determine c(10).
-6
Let p(c) = -16*c**3 + 19*c**2 - 14*c - 4. Give p(1).
-15
Let i(p) = 15*p - 307. Determine i(18).
-37
Let q(y) = -217*y + 12798. What is q(59)?
-5
Let q(j) = j**2 - 372*j + 4641. What is q(13)?
-26
Let h(y) = y**3 + 3*y**2 - 14*y + 21. What is h(5)?
151
Let i(o) = -3*o**2 + 145*o + 2400. Determine i(-13).
8
Let h(x) = -x**3 - 59*x**2 - 164*x + 258. Calculate h(-56).
34
Let w(f) = -2*f**3 - 30*f**2 - 69*f + 11. Calculate w(-12).
-25
Let d(f) = 2*f**3 - 20*f**2 + 104*f - 1373. Determine d(11).
13
Let z(i) = -i**3 - 77*i**2 + 200*i + 3326. What is z(-79)?
8
Let x(m) = -m**3 + 3902*m**2 + 3903*m + 1. What is x(-1)?
1
Let q(m) = -86*m**2 - 3*m + 1. Calculate q(1).
-88
Let c(w) = -w**3 + 10*w**2 - 2*w + 7. Give c(8).
119
Let a(p) = 398*p - 3440. Calculate a(8).
-256
Let j(l) = -277*l + 7. Give j(0).
7
Let r(x) = -2*x**3 - 4*x**2 - 2*x + 12. Give r(-4).
84
Let d(f) = -f**3 - 20*f**2 - 2*f - 180. Determine d(-20).
-140
Let v(z) = 2*z - 41. Determine v(-7).
-55
Let x(m) = m**2 + 40*m - 468. Determine x(27).
1341
Let d(o) = -3*o**3 - 5*o**2 + 2*o - 27. Give d(3).
-147
Let i(j) = 8*j**2 + 1899*j + 688. Determine i(-237).
-23
Let h(x) = 37982*x - 37986. What is h(1)?
-4
Let l(w) = -24*w**3 + 9*w**2 + 45*w + 7. Calculate l(-3).
601
Let g(v) = -240*v + 4100. What is g(17)?
20
Let s(j) = -j**3 + 17*j**2 - j + 53. Determine s(17).
36
Let l(t) = 6*t**2 - 84*t + 265. Determine l(5).
-5
Let q(g) = 2*g**2 - 3*g - 52. Calculate q(9).
83
Let q(m) = -m**2 + 15*m + 5. What is q(14)?
19
Let m(y) = 3*y**2 - 34*y - 143. Give m(-4).
41
Let u(q) = 1340*q + 13406. Give u(-10).
6
Let m(n) = 35*n - 1438. Determine m(39).
-73
Let i(o) = 48*o**2 - 58*o + 119. Determine i(2).
195
Let b(a) = -913*a - 44. Calculate b(0).
-44
Let c(z) = z**3 - 22*z**2 + 547*z - 12038. What is c(22)?
-4
Let h(a) = 35*a**2 + 26*a + 18. Calculate h(-3).
255
Let x(v) = -9*v - 261. Calculate x(-37).
72
Let p(g) = -7*g**2 - 53*g - 60. Determine p(-5).
30
Let s(j) = 6*j + 76. Calculate s(-26).
-80
Let y(c) = -c**3 - 15*c**2 + 64*c + 1088. Determine y(-14).
-4
Let t(q) = -20*q + 243. What is t(25)?
-257
Let c(l) = 13*l + 666. Calculate c(-59).
-101
Let n(m) = 7*m + 47. Calculate n(-8).
-9
Let g(w) = -6*w + 61. Calculate g(5).
31
Let h(j) = 2*j + 123. Give h(-11).
101
Let a(m) = m**2 - 19*m - 299. What is a(28)?
-47
Let r(p) = 2*p**3 + 11*p**2 - 61*p + 18. What is r(-9)?
0
Let a(q) = -40*q - 779. Give a(-20).
21
Let s(n) = n**3 + 25*n**2 + 136*n + 52. Calculate s(-13).
312
Let l(x) = 2*x + 275. What is l(-35)?
205
Let b(i) = 4*i**2 + 41*i + 160. Calculate b(-9).
115
Let j(w) = -6*w**2 + 217*w + 216. Calculate j(-1).
-7
Let a(t) = t**2 + 45*t - 352. What is a(0)?
-352
Let t(h) = -17*h**2 - 1068*h + 194. Calculate t(-63).
5
Let f(j) = 2*j**3 - 30*j**2 - 54*j + 1157. Determine f(14).
9
Let x(o) = o**3 + 68*o**2 - 213*o - 234. Calculate x(-71).
-234
Let y(g) = 434*g - 3196. What is y(7)?
-158
Let m(w) = -w**3 + 24*w**2 - 12*w - 23. Give m(23).
230
Let k(x) = 2*x**3 + 32*x**2 - 42*x + 2. Determine k(-17).
138
Let d(i) = 5*i**3 + 60*i**2 + 23*i + 281. Give d(-12).
5
Let p(r) = 134*r - 1130. Calculate p(9).
76
Let a(b) = b**2 + 2*b - 174. Give a(12).
-6
Let x(w) = 72*w**2 + 9431*w - 213. What is x(-131)?
-82
Let l(r) = -4*r - 229. Give l(-47).
-41
Let i(l) = 2*l**3 + 4*l**2 + 2*l - 13. Give i(2).
23
Let j(l) = -41*l - 884. Give j(-22).
18
Let r(g) = -g**2 + 106*g - 1287. Calculate r(14).
1
Let x(w) = -75*w - 13947. Determine x(-186).
3
Let y(f) = 5*f**2 + 48*f - 19. Calculate y(-7).
-110
Let u(d) = d**2 + 54*d + 622. What is u(-32)?
-82
Let u(n) = n**3 - 19*n**2 + 8*n - 24. Calculate u(6).
-444
Let w(s) = -s**2 + 259*s - 10134. Give w(48).
-6
Let j(t) = t**2 - 27*t + 94. Give j(22).
-16
Let h(q) = -4*q**2 - 182*q - 51. What is h(-45)?
39
Let p(s) = 10*s**2 + 24*s + 16. Give p(-1).
2
Let p(i) = 2*i**2 + 25*i + 1. Calculate p(-15).
76
Let c(w) = w**2 + 242*w + 9599. Calculate c(-50).
-1
Let n(l) = 44*l - 507. Determine n(17).
241
Let n(a) = -1324*a - 233013. Give n(-176).
11
Let s(q) = 2*q**3 + 42*q**2 + 91*q + 330. Calculate s(-19).
45
Let q(z) = -2*z**3 + 64*z**2 + 987*z - 30395. Determine q(33).
-2
Let q(v) = -3*v**2 + 3*v - 18. Calculate q(7).
-144
Let n(g) = 791*g + 8717. Give n(-11).
16
Let g(r) = r**2 + 27*r + 62. Calculate g(-28).
90
Let r(v) = -9674*v + 87066. What is r(9)?